*3/3 - 10*u**2. What is the remainder when 149 is divided by k(2)?
29
Calculate the remainder when (-2 - (-20)/6)/(180/31725) is divided by 229.
6
Suppose -4*a + 1070 = -5*i, -3*i = a - 401 + 125. Calculate the remainder when a is divided by 251.
19
Let z = -1569 + 1593. Calculate the remainder when 70 is divided by z.
22
Let v(q) be the third derivative of q**4/8 + 41*q**3/6 + 101*q**2. What is the remainder when 117 is divided by v(-3)?
21
Let z = 246 - -13. Let y = 332 - z. Calculate the remainder when 137 is divided by y.
64
Suppose -3*s = -p + 10, 0 = -5*p - 4*s + 3 + 9. Suppose p*a - 17 = 51. What is the remainder when (1 - 2)*-82 + 1 is divided by a?
15
Let p be 6/(-8) + (-27)/(-4). Suppose 5*r = -p*r + 429. Let q = r - 20. What is the remainder when 56 is divided by q?
18
Suppose 2*s + d = -105, -d = -5*s - 8 - 258. Let k = s - -72. Suppose -3*z + 333 = 5*c, 2*z + 6*c - 222 = c. Calculate the remainder when z is divided by k.
16
Suppose 0 = -4*p + 6 + 18. Let d(k) = -317*k + 954*k + 9 - 324*k - 311*k. What is the remainder when 40 is divided by d(p)?
19
Let t(u) = 12*u**2 + 9*u - 34. Calculate the remainder when t(3) is divided by 44.
13
Let t = 77 + -52. Suppose 2*n + 5 = 2*z - 5*z, 0 = -z - 5*n + 7. Let y(h) = 5*h + 22. What is the remainder when t is divided by y(z)?
4
Suppose -4 = -10*p + 226. What is the remainder when 695 is divided by p?
5
Let d be (9 - 5)*3*(-1)/4. Suppose p + 0*p - 13 = 0. Calculate the remainder when 0 + (22 - d - 2) is divided by p.
10
Let y(u) = -1 + 3*u + 1 - 4 - 4*u. Let h = 145 - 112. Calculate the remainder when h is divided by y(-13).
6
Let d = 30 - 17. Calculate the remainder when ((-1782)/(-242) + -9)/(4/(-88)) is divided by d.
10
Suppose 47*s = 41*s + 30. Suppose 235 + 40 = s*g. Calculate the remainder when 163 is divided by g.
53
Suppose 17*y - 8*y - 6693 = -14*y. What is the remainder when 898 is divided by y?
25
Let s = 103 - 11. Let y = 269 - s. Suppose -2*t = u - 4*t - 11, 0 = u + 5*t - 25. What is the remainder when y is divided by u?
12
What is the remainder when 405 is divided by 2/(-52)*-4 - -1*(-4161)/(-247)?
14
Suppose -4*c + 1040 = 9*c. Suppose -7*h = -2*h, 4*x - 2*h = c. What is the remainder when 119 is divided by x?
19
Let t(m) = m**3 - 19*m**2 - 20*m + 30. Let w = 6 + -2. Suppose w*a + 23 - 55 = 0. What is the remainder when t(20) is divided by a?
6
Let n(q) = 230*q + 7890. Calculate the remainder when 841 is divided by n(-34).
1
Let b(y) = -14*y + 3. Let t = -4518 - -4549. What is the remainder when b(-4) is divided by t?
28
Suppose 11*o + 12 = 9*o, 0 = 4*i + 5*o - 24994. Calculate the remainder when i is divided by 2077.
25
Suppose 80*n - 2713 + 1593 = 0. Suppose 0 = -2*b + 3*b + 1. Calculate the remainder when 117 + -5 - (b - -2) is divided by n.
13
Suppose 4 = h - 23*m + 25*m, 0 = 2*h - 3*m - 22. What is the remainder when 261 is divided by h?
5
Let v = -442 + 531. Suppose 182 = -76*p + v*p. Calculate the remainder when 123 is divided by p.
11
Let o = 3729 - 3668. What is the remainder when 107 is divided by o?
46
Suppose 3633*d = 3665*d - 161184. What is the remainder when d is divided by 15?
12
Suppose -58*b + 55*b + 48 = 0. Suppose -3*c = 5*v - 60, -34 = -v - b*c + 11*c. Calculate the remainder when 15 is divided by v.
6
Let u = 303 + -296. Let f(k) = -k**3 + 6*k**2 + 11*k - 6. What is the remainder when 129 is divided by f(u)?
19
Suppose 2*v = 2*a + 150, -2*v + 16*a = 11*a - 132. Calculate the remainder when 283 is divided by v.
40
Suppose -3*g - 27 = 0, -5*g - 1109 = -a - 220. Calculate the remainder when a is divided by 262.
58
Suppose 26*y = 37*y - 22. Let s = -1 + -4. Let x = -3 - s. What is the remainder when x is divided by y?
0
Calculate the remainder when 5*(7 + (31 - 8)) is divided by 35.
10
What is the remainder when 140012/20 + -3 - 70/(-175) is divided by 14?
12
Let k(j) = -j**3 - 26*j**2 - 26*j - 15. Let p be k(-25). Suppose h + p*h = 0. Suppose h - 7 = -t. Calculate the remainder when 13 is divided by t.
6
Let l = 619 - 572. Suppose 0 = -o - 4*a + 66 + 2, -o = -3*a - l. Calculate the remainder when o is divided by 10.
6
Suppose 0 = -23*f - 44*f + 901 + 5732. Calculate the remainder when 395 is divided by f.
98
Suppose -b + 0*b = 110. Let p be 151 - 5 - (8 - 10). Let j = b + p. What is the remainder when 151 is divided by j?
37
Calculate the remainder when -2 + 3076/5 - (7/(-35))/(-1) is divided by 206.
201
Calculate the remainder when (21/14 + -2)*-1674 is divided by 21.
18
Let q = 13 + 55. Let d = -2 + 6. What is the remainder when q is divided by 12 + (d - 3)*0?
8
Let w = -415 - -484. Suppose -w*x = -10*x - 708. What is the remainder when 22 is divided by x?
10
Suppose -62*i + 13979 + 13673 = 0. Calculate the remainder when i is divided by 441.
5
Suppose 5*w = -2*k + 422, -3*k - 3*w + 43 = -572. Let j = k + -150. Calculate the remainder when 142 is divided by j.
40
Suppose 0 = 22*q + 17*q - 2145. What is the remainder when 2543 is divided by q?
13
Suppose -c = 5*c - 156. Suppose -c*l + 2*l = -480. What is the remainder when 138 is divided by l?
18
Suppose 1937 + 6343 = 210*a + 510. What is the remainder when 1292 is divided by a?
34
Let r = -366 - -1120. Suppose -999*h = -1005*h + 378. What is the remainder when r is divided by h?
61
Let u(q) = 5*q**2 - 41*q - 83. What is the remainder when u(-13) is divided by 38?
3
Suppose 117*n = -205 + 3364. Calculate the remainder when 77 is divided by n.
23
Let o(w) be the second derivative of -w**3/3 + 79*w**2/2 + 4*w + 6. Calculate the remainder when o(26) is divided by 14.
13
Let r(d) be the third derivative of 31*d**4/24 - 25*d**3 + 3*d**2 - 34*d. Calculate the remainder when r(8) is divided by 9.
8
Suppose -1383 = -13*b - 902. Suppose 109 = 3*p - 83. What is the remainder when p is divided by b?
27
Let h(d) = 3*d**3 + d**2 - 21*d + 36. What is the remainder when 79 is divided by h(3)?
16
Suppose 0 = 90*q - 92*q + 74. Suppose -u = -q - 72. What is the remainder when u is divided by 14?
11
Let q = 3974 + -3571. Calculate the remainder when q is divided by 53.
32
Calculate the remainder when -5*(-36)/135*729/12 is divided by 50.
31
Suppose 5*h = -q + 136, -6 = -2*q - 4*h + 266. Let c = 110 + -62. Calculate the remainder when q is divided by c.
40
Suppose -5*t = -u + 1901, 4*u - 5*t = 2297 + 5337. What is the remainder when u is divided by 319?
316
Suppose -5*g + 76 = -14. Let c(d) = 5*d**2 - d**3 - g*d**2 + 11*d**2 + 10 + 5*d. Calculate the remainder when c(-3) is divided by 3.
1
Let b = -13329 + 13354. Calculate the remainder when 939 is divided by b.
14
Suppose 0 = 4*r + 4*u + 232, -206 = 5*r - 5*u + 124. What is the remainder when r/465 - 1292/(-15) is divided by 18?
14
Let d be 4 - (-1 + -2) - (-6)/(-2). Suppose -27 = d*i - 3*c, -2*c + 10 = 5*i + 3*c. Calculate the remainder when i + (-882)/(24/(-4)) is divided by 37.
33
Let o(n) = -n**3 - 11*n**2 + 14*n + 25. Let i be o(-12). Calculate the remainder when 16/(176/979) + (-4)/i is divided by 10.
5
Suppose 2*l - 425 = -4*z - 129, 0 = -z + 3*l + 95. What is the remainder when 565 is divided by z?
26
Let r = -1512 - -1521. What is the remainder when 681 is divided by r?
6
Let h(o) be the first derivative of -o**4/4 + 2*o**3 + 5*o**2/2 - 14*o - 39. What is the remainder when 110 is divided by h(6)?
14
Let r(g) = -7*g - 49. Let s be r(-7). Suppose s = 4*h - 257 + 9. Calculate the remainder when 287 is divided by h.
39
Suppose u = -3*t + 62, -5*t = -5*u + 41 - 151. Calculate the remainder when 2853 is divided by t.
18
Calculate the remainder when 0/(-56 + 61 + -7 + 0) + 5750 is divided by 81.
80
Let h be 19060/(-6)*(-9)/27*9. Calculate the remainder when 1 + 38/(-34) - h/(-85) is divided by 24.
16
Let r be (21 - (-2 - -5)) + -2. Suppose b = -22 + r. Let i = 31 - b. Calculate the remainder when i is divided by 20.
17
Suppose 21*j - 2651 = 5350. Let x = 570 - j. What is the remainder when x is divided by 32?
29
What is the remainder when 16 + (-266)/14 - -19 is divided by (2 - 1) + 3 + -1?
1
Let p be (12/15)/(7/35). Suppose -h = 5*u + 15, 2*u = p*h - 0*u - 6. Suppose -2*b - 6*t = -7*t - 46, -t - 2 = h. What is the remainder when 42 is divided by b?
20
Calculate the remainder when 376 is divided by (-372)/(-22)*(-2233)/(-203).
4
Let w(d) = 2*d**2 + 23*d - 94. Calculate 